8. Let o(y) = 3*i(y) - 8*t(y). Suppose 2*v + 5*m = 11, -2*v + 16 = -5*m + 55. Calculate o(v).
11
Suppose 289 = 2*y + 285. Let h(a) = 4*a**3 - y - 12*a + 10*a - 2*a + 5*a. Calculate h(-2).
-36
Let t(q) = 4*q - 10 - 3*q - 10 - 17. Let n be (6 + (-4 - -5) - 10) + 3. What is t(n)?
-37
Let k(s) = -2*s**3 + 3*s**2 - 3*s + 4. Let w be (-1)/3*30/40 - (-22)/(-8). Give k(w).
94
Let j(p) be the third derivative of p**6/120 - 11*p**5/60 + p**4/12 - 17*p**3/6 - 2*p**2 + 9*p. Let u be j(11). Let h(l) = -l**2 + 2*l + 7. Give h(u).
-8
Let i(t) = 14*t + 16. Let j be i(-1). Let x(g) = 3*g - 2*g - 18*g**2 + 31*g**2 - 11*g**2 - g**3. Determine x(j).
2
Let k(i) be the third derivative of 5*i**4/24 - 61*i**3/6 - 2107*i**2. Calculate k(13).
4
Let w(c) = -12*c - 6. Let d(m) = 72*m - 1515. Let l be d(21). Calculate w(l).
30
Let b(k) = -k**3 - 3*k**2 - 9. Let m = -11062 - -11058. Give b(m).
7
Let p(k) = 79*k - 132. Let g(a) = 21*a - 1. Let r(l) = 4*g(l) - p(l). What is r(-23)?
13
Let f be -12*(40/15 + -2). Let r(x) = -x**2 - 8*x - 4. Determine r(f).
-4
Let q(h) = -2*h**2 + 13*h + 2. Let b(i) = -3*i**2 - 76*i - 476. Let c be b(-14). Calculate q(c).
2
Let o = 714 + -711. Let u(c) be the second derivative of c + 1/12*c**4 - 3*c**2 + 1/3*c**o + 0. Calculate u(-5).
9
Let v(i) = -i**3 - 10*i**2 + 4. Let b be 74 + (-35)/(-25) + (-6)/15. Let c = 135 - b. Suppose 24*w + c = 18*w. What is v(w)?
4
Let k be 11 + (0 - 4) - 3. Let n(t) = t + 4 - 3 + 1 - k - 1. Give n(-4).
-7
Suppose 3*b = 5*d - 3, b - 3 = 3*d - 2*b. Let f(n) be the second derivative of -1/2*n**d + 0 - 3/2*n**2 + 37*n. Determine f(-2).
3
Let a(f) = -2*f**3 + f**2 - f - 4. Let k(w) = 7*w**3 - w**2 + 7*w + 11. Let s(r) = -4*a(r) - k(r). What is s(3)?
-4
Let r(x) = x**2 + x - 4. Let n = 32 + -32. Suppose n = 2*k + 3*u, k - 3*u = 2*k. Let l be (0 + k)*(0/(-2) - 1). Determine r(l).
-4
Let r(i) be the third derivative of -i**5/60 + 19*i**3/6 + 1721*i**2. Give r(7).
-30
Let j(h) = -11*h**2 - 2*h. Let a = 12443 + -12445. What is j(a)?
-40
Let y(z) = 3*z**2 - 2*z - 13. Let f = 14868 - 14865. Determine y(f).
8
Let l(k) = 2*k**3 - 10*k**2 - 24*k + 59. Let j be l(6). Let f(z) = z**2 + 8*z - 64. What is f(j)?
1
Let h(y) = -y**3 - 11*y**2 + 8*y + 3. Let o(s) = -2*s**3 - 23*s**2 + 16*s + 6. Let z(r) = 7*h(r) - 3*o(r). Let a be 94/(-16) + -3 - 21/168. Calculate z(a).
12
Let j be 16/12*(-1170)/(-156)*(-7)/(-10). Let y(f) = f**2 - f + 1. Let t(a) = -a**3 + 11*a**2 - 7*a + 8. Let w(z) = -t(z) + 3*y(z). Calculate w(j).
-26
Suppose 0 = -c + 4*j + 17, -2*c - 24*j = -26*j - 16. Let v(t) = 7*t - 7. Determine v(c).
28
Let m(p) be the third derivative of -p**5/60 + 2*p**4/3 + 41*p**3/6 + 374*p**2. Give m(18).
5
Suppose 173*q - 170*q - 9 = 0. Let u(r) = 2 + 7*r + 1 - 11*r + q*r - 1. Give u(6).
-4
Let b be 15 + 2 + (-135)/9. Let h(j) = 3*j**2 - 4*j - 1. Determine h(b).
3
Suppose 11*v - 2225 = -575. Let z = -147 + v. Let p(f) = 2*f**3 - 2*f**2 - 2*f - 3. What is p(z)?
27
Let n(a) = 2*a - 13. Let o = 161 + -166. Let r be 6 + -5 - (-1 + o). Determine n(r).
1
Let h(o) = 13*o - 190. Let x(w) = -25*w + 361. Let u(f) = -11*h(f) - 6*x(f). What is u(10)?
-6
Suppose 5*p - 45 = -5*c, p = 5*c + 2*p - 29. Let u(k) = k**3 - 5*k**2 + 2*k - 1. Let n be u(c). Let l(g) = 7 + 3*g - 3*g + 0*g - 2*g. What is l(n)?
-11
Let d(k) = -2*k + 2. Let g(h) = -55*h**2 - 2*h - 1. Let u be g(-2). Let l be u/(-42) + 2/(-12). Let i = -8 + l. Determine d(i).
8
Let f(s) = 3*s + 1. Let x(z) = -78*z - 72. Let p be x(-1). Calculate f(p).
19
Suppose -21*m + 16*m + 5 = 0. Suppose 4*v + m - 5 = 0. Let t(l) be the second derivative of 3*l**5/20 + l**3/6 + 13*l. Determine t(v).
4
Let o(b) = b**3 - 29*b**2 + 53*b + 41. Let m be o(27). Suppose -107 = m*d - 9. Let n(q) = -q**2 - 7*q + 9. What is n(d)?
9
Suppose -u = -5*o + 12, -18 = -4*u + 3*o - 5*o. Let a(x) be the second derivative of 3/2*x**2 - 132*x + 0 - 1/2*x**3. Give a(u).
-6
Let m(h) = 4*h + 9. Let o be m(-3). Let j be (-6)/(-9) - (-5)/o. Let p(n) be the second derivative of -11*n**5/20 - n**3/6 - n**2/2 - 9*n. What is p(j)?
11
Let r(g) = 3*g**2 - 13*g + 6. Let l(q) = q**2 - 6*q + 7. Let p(k) = -5*l(k) + 2*r(k). Calculate p(3).
-2
Let p = -6 + 4. Suppose 2*a - 2*t + 2 = -4*t, 0 = -4*a - 2*t + 2. Let u(w) = -4*w**2 + 3*w**3 - 2*w**3 + 1 + 4*w**2 - a*w**2 + 2*w - 3*w**3. Determine u(p).
5
Suppose 4218 - 4148 = 14*s. Let v(o) = 49*o - 215. Calculate v(s).
30
Let h(x) be the first derivative of x**2 + 2*x + 1960. Calculate h(-6).
-10
Let l(d) = -1. Let u(w) = -w**2 + 5*w + 17. Let t(q) = -4*l(q) - u(q). Let n = 314 + -305. What is t(n)?
23
Let z(a) = 0*a**2 + 9*a**2 + 3*a**3 - 99*a - 2 - 11*a**2 + 91*a. What is z(-3)?
-77
Let y(x) be the second derivative of x**4/4 - 19*x**3/6 + 9*x**2/2 - 2308*x. What is y(5)?
-11
Let c(x) be the second derivative of 0 + 1/20*x**5 - 67*x + 1/6*x**3 + 11/12*x**4 + 0*x**2. Calculate c(-11).
-11
Suppose 23 = -4*o + 39, h - 5*o = -14. Let g(b) = b**2 - 6*b - 4. Determine g(h).
-4
Let j(k) = 1 - 130*k - 133*k + 40*k**2 + 264*k - 83*k**2 - 93*k**2. Calculate j(-1).
-136
Let h(l) = l**3 + 11*l**2 - 10*l + 25. Let a be h(-12). Let d be ((-11)/((-11)/(-10)))/(a/1). Let t(x) = -x - 14. What is t(d)?
-4
Suppose 503*i + 2 = 504*i. Let u(a) = -i*a**3 + a + 5 - 4*a**3 - 5*a**2 + 5*a**3. Calculate u(-5).
0
Let w(n) = n**3 + 1. Suppose -10 = 5*c, -4*k + 3*c - 93 = -7*k. Suppose -14*o + 5 = k. Determine w(o).
-7
Suppose -14 = -11*c + 4*c. Let n(p) = -4*p + 2 - 1031*p**2 + p**3 + 1030*p**c + p. Give n(2).
0
Let z(b) = b**3 - 42*b**2 + 47*b - 243. Suppose -341*t + 1917 = -12064. Determine z(t).
3
Let h(z) = -z**3 + 5*z**2 - 2*z - 1. Let m(s) = 7*s - 6. Let c be m(2). Let k be (3 - (c + -6))*4. Give h(k).
7
Let f(y) = -8*y + 38. Let b be f(5). Let g(o) = -4*o - 2. Let v(i) = -i**2 + 6*i + 4. Let a(w) = 5*g(w) + 3*v(w). Determine a(b).
-6
Suppose 45 = 5*y - 5*d, -4*d = 5*y - 2*d - 10. Let s(h) be the second derivative of -1/6*h**3 + 0 - 10*h + 1/12*h**y - 1/2*h**2. Give s(3).
5
Let w(r) = 18*r**2 - 79*r - 4. Let s(g) = 9*g**2 - 45*g - 2. Let v(l) = 7*s(l) - 4*w(l). Give v(1).
-6
Let d be (1/(-9) + (-265)/45)/(-2). Let o(y) = -y**2 + 42*y - 120. What is o(d)?
-3
Let l(d) = 8*d + 68. Suppose -6*c - 34 - 14 = 0. Let x be l(c). Let a(z) = -z**2 - 4. Determine a(x).
-20
Let c(n) = 2*n - 17. Let l(g) = -g + 2. Let s(m) = -c(m) - 3*l(m). Suppose -4*p - p = 4*v, p = 4*v. Calculate s(p).
11
Let d(l) be the second derivative of -l**4/12 + 14*l**3/3 - 34*l**2 + 2593*l. Calculate d(25).
7
Let l(a) = -5*a + 194*a**2 + 9 + 16 - 3 - 7 - 197*a**2. Let k be l(2). Let u(o) = -2*o - 4. Give u(k).
10
Let x(a) = 3*a**2 - 339 - 317 + 655 + 23*a + 2*a**2. Determine x(-6).
41
Suppose -15 = 5*q - 0. Let o be (-7)/(-1)*11/77. Let b(y) = -4*y**2 + o - y**2 + 36*y - 35*y + 6*y**2. Give b(q).
7
Let b(l) be the third derivative of l**8/6720 + l**7/420 + l**6/720 + l**5/15 - 25*l**4/6 + 3*l**2 - 35. Let w(s) be the second derivative of b(s). Give w(-6).
2
Let m be 1 + (-10)/(-5) - 0. Let q(j) = j**3 - 3*j + 2 + j - 176*j**2 + 89*j**2 + 84*j**2. What is q(m)?
-4
Let n be (1/(-2))/(5/(-30)). Suppose -12 = n*w + w. Let z(f) = -11*f**2 - 6*f + 4. Let r(h) = 4*h**2 + 2*h - 1. Let t(j) = -8*r(j) - 3*z(j). Determine t(w).
-1
Let y(p) = 2*p - 3. Let m = -85 - -125. Let r be (3/(-2))/((-30)/m). Suppose -2*h = 2*o - 4, 3*h + r*h = -3*o + 14. Determine y(h).
5
Let g(i) = -3*i**2 - 120*i - 116. Let c be 1/(((36/156)/3)/(-1*3)). Give g(c).
1
Let d(g) be the third derivative of -g**5/60 + g**4/3 - g**3/6 + 2*g**2. Let y = -452 + 698. Let z = y + -239. Give d(z).
6
Let y(w) = w**3 - w**2 - 13*w + 5. Suppose 5*s + 2*a - 6 + 7 = 0, -27 = 2*s - 3*a. What is y(s)?
8
Let z(p) = 1208*p - 3631. Let d be z(3). Suppose 6 = x + o, 2 = 4*x + x - 2*o. Let c(m) = -8 - 7*m - 5*m + 5*m - m**x. Determine c(d).
-8
Let i = 40 - 38. Suppose i*x + 0 = -4. Let c(o) be the third derivative of o**5/30 + o**4/24 - o**3/3 + 8*o**2. What is c(x)?
4
Let y = 2933 + -2923. Let r(l) = l**3 - 9*l**2 - 10*l + 10. Determine r(y).
10
Let j(z) = -z**2 + 7*z + 72. Suppose r = -5*s + 27, -4*r + 177*s - 179*s = -54. Calculate j(r).
12
Let y(r) = 0 - 3 + 1 + r**2 - 3*r. Let n = -823 + 823. Suppose -4*d + n = i - 13, -12 = 4*d - 4*i. Calculate y(d).
-4
Suppose -6 = -2*o - o. Let p(d) = 11*d**3 + 8*d**2 